der when 7 is divided by y.
2
Calculate the remainder when 14 is divided by (0 - -1)/(1/8).
6
Let q = 120 + -68. Suppose -4*k + 3*z = -34, -2*k + 3*k - z = 8. Suppose j - 20 = y, 4*y - 2 = -k. What is the remainder when q is divided by j?
16
Let g(m) = 3 + 1 + 6 + m - 5. Calculate the remainder when 34 is divided by g(4).
7
Let d be -1*(-15)/(3 + 0). Let y(f) = -2*f + 0*f + 3 - d. What is the remainder when y(-5) is divided by 5?
3
Calculate the remainder when 64 is divided by (-2)/12 - (-79)/6.
12
Suppose 17 = 3*b - 7. Calculate the remainder when b is divided by 5.
3
Suppose -5*q - 10 = -c, -2*c + 5*q = -0*c - 30. Suppose k - c = -3*k. Suppose 48 = 3*n + 2*v - v, -k*v = -n. What is the remainder when 29 is divided by n?
14
Let j = 0 + 8. Let p = j + -5. Suppose 4*s + 3 = 19. Calculate the remainder when s is divided by p.
1
Calculate the remainder when 778/6 + (-8)/12 is divided by 33.
30
Let p = -2 - -1. Let w be p - (-3 - -2) - -7. What is the remainder when 11 is divided by 24/(-28)*w/(-1)?
5
Suppose -2*k - 120 = -138. Let i(t) = t**3 - 7*t**2 + 6*t - 3. Let n be i(6). Calculate the remainder when (-34)/(n/(6/4)) is divided by k.
8
Suppose -3*z + 13 = -4*z. Let x = 8 - z. Suppose -5*q - 3*t = -35, 3*q - 2*t - x = -0*q. Calculate the remainder when 26 is divided by q.
5
Suppose -4*n = -5*u - 10, 6*u + 14 = 4*n + 3*u. What is the remainder when 13 is divided by n?
3
Let s(i) = -i + 1. Let q be s(3). Let l be 0 - 2 - (1 + q). What is the remainder when 25 is divided by (-2 - -3)/(l/(-9))?
7
Suppose 4*n - 329 + 65 = 0. What is the remainder when n is divided by 18 + 1/1 + -2?
15
Let o(p) = 5*p - 11. Let m(l) = l - 3. Let t be m(8). What is the remainder when o(t) is divided by 4?
2
Let u(i) be the first derivative of -4*i**2 - 6*i + 4. Calculate the remainder when u(-8) is divided by 20.
18
Calculate the remainder when 73 is divided by 16 - (-3 + -2 + 2).
16
Let s = -14 - -25. What is the remainder when s is divided by 7?
4
Let v(b) = b**3 - 8*b**2 + 7*b + 2. Calculate the remainder when v(8) is divided by 20.
18
Let s = 473 - 334. Calculate the remainder when s is divided by 28.
27
Let a(p) be the first derivative of -p + 2 - 25/4*p**4 - 1/3*p**3 - 1/2*p**2. What is the remainder when a(-1) is divided by 13?
11
Let v(s) be the third derivative of 0*s + 1/60*s**6 + 0 - 1/15*s**5 + 1/6*s**3 - 1/6*s**4 - s**2. Calculate the remainder when v(4) is divided by 17.
15
Let k(t) = t + 10. Let z = -1 + 1. Calculate the remainder when 29 is divided by k(z).
9
Let n(j) = -2*j + 1. Let x be n(-2). Suppose x*t + 9 = 94. What is the remainder when t is divided by (-3)/(1/(-2 - 1))?
8
Let z = 12 + -10. Suppose 2*b + 3 = q, -3*q - 3*b + 23 = -z*q. Calculate the remainder when q is divided by 4.
3
Suppose -2*k + k - 3 = -n, 5*k = -2*n + 13. Suppose -3*o + s = -5 - k, 2*o = -3*s + 4. What is the remainder when 7 is divided by o?
1
Suppose 0*y + 6 = 2*y. Suppose 4 = -2*w, 5*j - j - 266 = -y*w. What is the remainder when j is divided by 24?
20
Let t(i) = i**3 - i. Let o(u) = 12*u**3 - u**2 + 5*u + 1. Let r(d) = -o(d) - 5*t(d). What is the remainder when r(-1) is divided by 3?
2
Let w = 39 + -3. Calculate the remainder when 13/(w/16 - 2) is divided by -1 + -2 + 22 + -1.
16
What is the remainder when 5 is divided by (-4)/18 - (-304)/72?
1
Suppose 3*o - 149 = 19. Calculate the remainder when o is divided by 19.
18
Suppose -5*i + 3*l + 17 = 4*l, -4*i + 14 = l. What is the remainder when 17 is divided by i?
2
Let d be (-9)/(-18)*1*-2. What is the remainder when (-2)/(-2)*(-26)/d is divided by 9?
8
Let c = 5 - -6. What is the remainder when c is divided by 3?
2
Let c(j) = j**3 + 6*j**2 - j - 10. Calculate the remainder when c(-5) is divided by 13.
7
Let g(q) = q**3 + 3*q**2 - 4*q - 2. Suppose -3*x - 1 - 2 = -4*a, 18 = -a - 3*x. Suppose -2*r = -3*r + 6. Calculate the remainder when g(a) is divided by r.
4
Let p(a) = a - 1. Let b be p(-3). Let r = 2 - b. Suppose -f - 35 = -r*f. Calculate the remainder when 20 is divided by f.
6
Suppose -5 = k, r = -3*r + k + 145. Let o = -6 - 0. What is the remainder when r is divided by (2 - 10)/(4/o)?
11
Suppose -2*u + 3*r = -106, -3*u = 7*r - 2*r - 140. What is the remainder when u is divided by (-17)/(-1 + 1 + -1)?
16
Suppose 2*m + m = 66. What is the remainder when 87 is divided by m?
21
Suppose 4*k = 2*k. Suppose 0 = -o + 4*z - 6*z + 18, -2*o + 2*z + 12 = k. What is the remainder when 29 is divided by o?
9
Suppose 2*l + 20 = -2*n + 4*n, 5*n - 41 = -4*l. Calculate the remainder when 42 is divided by n.
6
Let a be (20/6)/(12/18). Suppose 0*g + a*g = 90. What is the remainder when 35 is divided by g?
17
Suppose 0*f = 5*f - 85. Calculate the remainder when 66 is divided by f.
15
Let d(p) = 3*p + 10. Let a = -11 + 0. Let g = 22 + a. What is the remainder when d(7) is divided by g?
9
Let a = 3 + -3. Suppose a = l, -5*i = -3*i + 3*l - 10. What is the remainder when i is divided by 3?
2
Let w = 172 + -117. Calculate the remainder when w is divided by 14.
13
Let v = -228 - -337. Calculate the remainder when v is divided by 37.
35
Suppose 2*h - 8 = -j - 3*h, 2*h = -4*j + 32. What is the remainder when j is divided by 4?
0
Let f be 15*(3 + 3/(-15)). Calculate the remainder when 40 is divided by 7/(-3)*f/(-7).
12
Let a be (-1 - 1)/(1*-1). Suppose 0 = a*f - 3*f - 31. Let s = 51 + f. Calculate the remainder when s is divided by 11.
9
Suppose -4*z + 5*r + 100 = 810, -4*z - 3*r - 726 = 0. Let h = -122 - z. Let w = 50 - 30. What is the remainder when h is divided by w?
18
What is the remainder when 106 is divided by 12/21 + 185/7?
25
Let h(b) = -b**2 + 15*b - 3. Suppose 8 = 2*m - 2*w - 2*w, -3*w = -3*m + 24. Calculate the remainder when h(12) is divided by m.
9
Let h(b) = b**3 + 7*b**2 - 10*b - 11. Let k be 3/(-1)*(-4)/6. Let j be 1*(-2)/k*8. Calculate the remainder when h(j) is divided by 2.
1
Let l be 1/((4/10)/2). Suppose 0 = l*o + 2*u - 89, -4*u - 26 = o - 3*o. What is the remainder when o is divided by 9?
8
Suppose 0 = -4*p + 254 + 370. What is the remainder when (-3)/(-6)*p/3 is divided by 7?
5
Suppose l = 11 + 2. Let a = -9 - -34. What is the remainder when a is divided by l?
12
Suppose 8*x = 5*x + 69. What is the remainder when x is divided by 13?
10
Let z(s) = -s**2 - 6*s - 4. Let y be z(-3). Suppose -12 = 2*j - 2*p, 0*p + p = y*j + 34. Let r = 2 - j. What is the remainder when 16 is divided by r?
7
Let z = 21 + -13. Calculate the remainder when 31 is divided by z.
7
Let j = 63 + -37. Calculate the remainder when 50 is divided by j.
24
Let b = -6 + 29. Suppose 0 = -0*q + 5*q - 1610. Suppose 5*u = 13 + q. Calculate the remainder when u is divided by b.
21
Let f(i) be the second derivative of i**4/12 - 5*i**3/2 + 11*i**2/2 - 6*i. Calculate the remainder when f(16) is divided by 7.
6
Let m(o) = o**2 - 6*o - 2. Let j be m(8). Suppose 4*h + 0*z = z + 26, -2*h + z + j = 0. What is the remainder when 16 is divided by h?
4
Let t(j) = j**2 - 5*j - 2. Let h be t(6). Suppose 3*f = -0*f - v + 6, -h*v - 10 = -5*f. Let u = f - -6. What is the remainder when u is divided by 5?
3
Let f = 12 + -8. Calculate the remainder when 8 is divided by f.
0
Suppose -43 + 643 = -5*u. Let a = u + 168. Calculate the remainder when a is divided by 17.
14
Let g(f) = f**2 + 11*f + 7. Let p be g(-11). What is the remainder when 50 is divided by 2 + 1 + p*2?
16
Let w = 18 - 29. Let o = 23 + w. Suppose u = 4*h - o, 3*h + 3*u + u - 28 = 0. What is the remainder when h is divided by 3?
1
Suppose r = 5*j + 6*r + 420, -4*j + 3*r = 343. What is the remainder when 66 is divided by (j/10)/(1/(-2))?
15
Let h = 8 - 5. Suppose l - 64 = -h*l. Let s = -14 + 23. Calculate the remainder when l is divided by s.
7
Suppose -4*f = -5 - 155. What is the remainder when f is divided by 14?
12
Suppose 6*g - 4*g - 36 = 0. Calculate the remainder when 32 is divided by g.
14
Suppose 0 = p - 2 - 4. Let r(a) = -a**3 + 7*a**2 - 5*a. Calculate the remainder when 10 is divided by r(p).
4
Let s = -15 + 23. Let z = 10 + 3. What is the remainder when z is divided by s?
5
Suppose 3*o + 5*z + 7 = 0, -4*o + 0*z = -4*z - 44. What is the remainder when 29 is divided by o?
5
What is the remainder when 46*(-50)/(-12) - 2/(-6) is divided by 39?
36
Calculate the remainder when (-129)/(-12) - (-2)/8 is divided b